 common divisor of 140 and j.
28
Let x be 38/(-14) - -3 - (-494)/(-14). Let r = 73 + x. What is the highest common factor of 57 and r?
19
Let k(q) = -3*q - 12. Let b be (-3 + (4 - 9))/1. Let p be k(b). Calculate the greatest common divisor of 2 and p.
2
Let n(j) = j**2 + 19*j + 29. Let l be n(-19). Calculate the greatest common factor of 319 and l.
29
Let h be (65/10 + -6)*(70 - 8). Suppose -3*m = 4*i - 635, -663 = -3*m - 0*i + 3*i. What is the greatest common factor of h and m?
31
Let h(b) = -16*b + 64. Let s be h(-8). Calculate the greatest common divisor of 24 and s.
24
Let m = 219 - 211. Calculate the greatest common divisor of 9 and m.
1
Let g(i) = i**2 + 10*i + 9. Let a be g(-10). Let s be 1/2*1*72. Let d = 9 + s. What is the highest common divisor of d and a?
9
Suppose 3*q - 112 = -q. Suppose -6*l = -47 - 37. Calculate the greatest common divisor of l and q.
14
Suppose 7*u - 165 = 2*u. Let p = u - 5. Let t = 126 - 56. What is the greatest common divisor of t and p?
14
Let u(j) = -2*j**3 - 37*j**2 + 16*j - 25. Let g be u(-19). What is the greatest common factor of 8 and g?
8
Suppose 0 = 4*y - 4*x + 30 + 14, 4*y + 29 = -x. Let r be 29722/56 + (-2)/y. Let h = 773 - r. Calculate the greatest common factor of h and 22.
22
Let q = -523 + 536. What is the greatest common divisor of q and 91?
13
Let g(y) = 234*y**2 - 2*y - 2. Let t(j) = -2*j**2 - 20*j - 1. Let a be t(-10). Let z be g(a). Calculate the highest common divisor of 26 and z.
26
Let k be (80/6)/(-1)*84/(-70). What is the highest common factor of k and 1168?
16
Let j be ((5 + -4)/3)/(1/747). Suppose 0 = -4*k - 3*l + j, 4*k - l + 3*l = 254. Calculate the greatest common divisor of 44 and k.
22
Let q be 51/(-7) - 10/(-35). Let k = q - -9. Suppose k*v = v + 7. What is the highest common divisor of v and 1?
1
Let l be -2 + (-5 - (-17 - -5)) + 19. Calculate the highest common divisor of l and 114.
6
Let o be (-21873)/(-27) + 4/(-36). Calculate the greatest common factor of 45 and o.
45
Let x(u) = u**3 - u**2 - 5*u + 15. Let q be x(2). Calculate the greatest common factor of q and 261.
9
Suppose -5*t + 180 = -3*t. Calculate the greatest common factor of 20 and t.
10
Let n be (-5 + (-26)/(-10))/((-12)/520). Calculate the highest common divisor of n and 234.
26
Let s = 18 + -16. Let b(n) = 3*n**2 - 3*n. Let w be b(s). Calculate the highest common factor of 24 and w.
6
Suppose -3*g + 1139 - 167 = -c, 3*c + 316 = g. Let i = g - 171. Let n be 7*7/((-91)/(-26)). What is the highest common factor of n and i?
14
Let u be (-7)/3*-9*2. Let h(g) = 2*g + 18. Let s be h(-6). Suppose 0 = z + t - s*t - 33, 5*z = 5*t + 145. Calculate the highest common divisor of z and u.
14
Let z(c) = 6*c**2 - 2*c + 5. Let f be z(-3). Calculate the greatest common factor of f and 520.
65
Suppose 5*z = -h + 18, 3*h - z - 9 = -3. Calculate the greatest common factor of h and 26.
1
Let v = 257 - 188. Calculate the highest common factor of v and 46.
23
Suppose -4*g - d = -5*d - 680, -4*g - 2*d = -668. Let h = g + -153. What is the highest common factor of h and 15?
15
Suppose 5*a + 223 = -2*z, -5*z = 2*a + 369 + 136. Let q be 3*(-4)/12 - z. What is the greatest common factor of q and 14?
14
Let p = -61 + 42. Let h(o) = -o**3 - 7*o**2 - 4*o + 7. Let v be h(-7). Let z = p + v. Calculate the highest common factor of 96 and z.
16
Let s be (-8 + 49/7)*-46. What is the highest common factor of s and 46?
46
Let t be -1*39*40/(-60). What is the highest common divisor of t and 1274?
26
Let v = -26 + 84. What is the greatest common factor of v and 116?
58
Let j be 4/(72/1886) - 6/(-27). Calculate the highest common factor of j and 15.
15
Suppose 3 = 2*k - 5, -4*o + 20 = 2*k. Suppose -4*j - 4*g + 84 = 0, 2*g = -o*j + 22 + 44. What is the highest common divisor of j and 32?
8
Suppose 0 = -2*o + 5*a + 52, 0*o - 4*o + 68 = -a. Let l be -3 - (-59 + -1 + -3). Let f = -36 + l. What is the greatest common factor of o and f?
8
Let l = -8207 + 8220. Let y = 30 + -4. What is the highest common divisor of l and y?
13
Let k = 432 - 398. Calculate the highest common factor of k and 170.
34
Let a = -203 + 207. Calculate the highest common divisor of 28 and a.
4
Let b = 21 + -1. Let u be -2*(1 - b/8). Calculate the highest common factor of u and 2.
1
Let z = -1166 + 1298. What is the highest common factor of 363 and z?
33
Let i be ((-20)/30)/(4/(-18)). What is the greatest common factor of i and 3?
3
Let a be 33 + (-5 - (-3 + (-5 - -3))). Calculate the greatest common factor of a and 726.
33
Suppose 3*z + 5*d = 30, 4*z - 4*d = -0 + 8. Suppose 3*m - 153 + 48 = 0. What is the highest common factor of m and z?
5
Suppose -3*n + 312 = 18*z - 15*z, 0 = 2*n - 2*z - 200. What is the greatest common factor of 34 and n?
34
Let s(r) = r**3 - 8*r**2 + 12*r. Let g be s(6). Suppose -w - 2*w + 198 = g. Calculate the greatest common divisor of w and 6.
6
Let a(g) = 2*g**3 + 28*g**2 + 15*g + 36. Let y be a(-12). What is the greatest common divisor of 162 and y?
54
Let o(a) = 3*a**2 - 32*a + 109. Let c be o(3). What is the highest common factor of 1160 and c?
40
Let s be (3 + -3)/((-1)/2*4). Suppose -5*v = -3*i - 113, s = 3*v + 3*i - 53 - 10. Suppose 2*r + 2*r - 132 = 0. Calculate the greatest common divisor of r and v.
11
Let v(a) = a**2 + a. Let u(o) = 2*o**2 + 2*o. Let z(i) = -u(i) + 4*v(i). Let m be z(5). Let f = 1456 - 1416. What is the highest common factor of m and f?
20
Let u(h) = 9*h**2 - 12*h + 24. Let m be u(3). Calculate the greatest common divisor of 3 and m.
3
Suppose -4*z + 262 = 5*x, z = -4*x - 3*z + 208. Calculate the highest common divisor of x and 81.
27
Let n(a) = -a**3 - 9*a**2 - 10*a - 3. Let p be n(-8). Let k be p/2 + (-1)/(-2). Suppose -26 = 12*b - 278. Calculate the greatest common divisor of k and b.
7
Let z be (-4)/3 - 9911/(-33). Calculate the greatest common factor of z and 13.
13
Suppose 68 = 4*j + p, p + p - 40 = -2*j. Let q be (-216)/9*(-1)/1. Calculate the greatest common factor of q and j.
8
Suppose 14*g - 5*h - 85 = -2*h, 5*g - 30 = h. Let a be 16/1 - (-1 + 2). Calculate the highest common factor of g and a.
5
Let a be 18*((-27)/(-2) - 2). Suppose 0 = -6*t + 9*t - g - 75, -2*g = -2*t + 58. What is the greatest common factor of a and t?
23
Let w(v) = 2*v + 8. Let c be w(7). Suppose -194*y + 171*y = -759. What is the highest common factor of c and y?
11
Let p be 8 + (-20)/(-30)*27. Calculate the greatest common factor of p and 351.
13
Let v(p) = -p**3 + 15*p**2 - 14*p + 7. Let a be v(14). Suppose -4*w + a*w = 9. Calculate the greatest common factor of w and 33.
3
Let b = -72 - -99. Calculate the highest common factor of 36 and b.
9
Let s = -782 + 787. Calculate the highest common divisor of 1205 and s.
5
Suppose -5*p + 4*f = -4*p - 274, p - 280 = 2*f. Calculate the highest common divisor of p and 26.
26
Let i be 14/10 + (-24656)/(-335). Let v = 27 - -3. Calculate the highest common divisor of i and v.
15
Suppose -2*o - 8 = -m - 27, 7 = o - 3*m. What is the highest common divisor of o and 30?
10
Let w = -204 - -288. Suppose 7*o = -13*o + 420. What is the greatest common factor of w and o?
21
Let j be -1 + (-4 - (294 - -1)). Let l = j - -160. Let n be (l/(-42))/(4/6). Calculate the greatest common divisor of 5 and n.
5
Suppose -7550 + 26 = -22*l. What is the greatest common divisor of l and 24?
6
Let q = -233 - -280. What is the highest common factor of q and 94?
47
Suppose 7*u = 2*u + 90. Let f(s) = 2*s**2 + 35*s - 10. Let v be f(-20). Calculate the highest common divisor of u and v.
18
Let i(q) = -79*q + 26. Let k be i(-4). What is the greatest common factor of 18 and k?
18
Let y be (0 + 22)*(-10)/(-20). Suppose 11*r = 2*r + 693. Calculate the greatest common factor of y and r.
11
Let u be 6*-45*8/(-40). What is the greatest common divisor of u and 792?
18
Suppose -5*o - 4*k + 1897 = 0, 2*o + 3*k - 210 = 553. What is the highest common divisor of o and 29?
29
Suppose 51*a - 78 = 75. Suppose 0 = -0*g + 2*g. Suppose 5*j = -2*i - 3, g = -j - i - 4*i - 19. Calculate the highest common divisor of a and j.
1
Suppose -w - 99 = -101. Let o be 193/w - 7/14. Calculate the highest common divisor of o and 32.
32
Let n(d) = d**3 + 10*d**2 - 9*d + 25. Let w be n(-11). Suppose -w*u = -8*u + 45. Calculate the highest common divisor of 9 and u.
9
L